{"id":15,"date":"2025-03-23T19:11:53","date_gmt":"2025-03-23T22:11:53","guid":{"rendered":"http:\/\/tek10.local\/?page_id=8"},"modified":"2025-04-08T06:03:20","modified_gmt":"2025-04-08T06:03:20","slug":"home","status":"publish","type":"page","link":"https:\/\/www.tek10.com.br\/","title":{"rendered":"Home"},"content":{"rendered":"\t\t<div data-elementor-type=\"wp-page\" data-elementor-id=\"15\" class=\"elementor elementor-15\">\n\t\t\t\t<div class=\"elementor-element elementor-element-f8bfa2a e-flex e-con-boxed elementor-invisible e-con e-parent\" data-id=\"f8bfa2a\" data-element_type=\"container\" data-settings=\"{&quot;background_background&quot;:&quot;classic&quot;,&quot;shape_divider_bottom&quot;:&quot;tilt&quot;,&quot;animation&quot;:&quot;fadeInUp&quot;}\">\n\t\t\t\t\t<div class=\"e-con-inner\">\n\t\t\t\t<div class=\"elementor-shape elementor-shape-bottom\" data-negative=\"false\">\n\t\t\t<svg xmlns=\"http:\/\/www.w3.org\/2000\/svg\" viewBox=\"0 0 1000 100\" preserveAspectRatio=\"none\">\n\t<path class=\"elementor-shape-fill\" d=\"M0,6V0h1000v100L0,6z\"\/>\n<\/svg>\t\t<\/div>\n\t\t\t\t<div class=\"elementor-element elementor-element-0d5c1f0 animated-slow elementor-invisible elementor-widget elementor-widget-heading\" data-id=\"0d5c1f0\" data-element_type=\"widget\" data-settings=\"{&quot;_animation&quot;:&quot;fadeInLeft&quot;,&quot;_animation_delay&quot;:600}\" data-widget_type=\"heading.default\">\n\t\t\t\t<div class=\"elementor-widget-container\">\n\t\t\t\t\t<h2 class=\"elementor-heading-title elementor-size-default\">Seu dispositivo, nossa miss\u00e3o! Reparos r\u00e1pidos e confi\u00e1veis para celulares, notebooks e desktops.<\/h2>\t\t\t\t<\/div>\n\t\t\t\t<\/div>\n\t\t\t\t<div class=\"elementor-element elementor-element-167ad5f animated-slow elementor-invisible elementor-widget elementor-widget-heading\" data-id=\"167ad5f\" data-element_type=\"widget\" data-settings=\"{&quot;_animation&quot;:&quot;fadeInRight&quot;,&quot;_animation_delay&quot;:1200}\" data-widget_type=\"heading.default\">\n\t\t\t\t<div class=\"elementor-widget-container\">\n\t\t\t\t\t<h4 class=\"elementor-heading-title elementor-size-default\">Empresa especializada em reparo e manuten\u00e7\u00e3o de celulares e computadores.<\/h4>\t\t\t\t<\/div>\n\t\t\t\t<\/div>\n\t\t\t\t<div class=\"elementor-element elementor-element-2b8e619 elementor-align-center animated-slow elementor-invisible elementor-widget elementor-widget-button\" data-id=\"2b8e619\" data-element_type=\"widget\" data-settings=\"{&quot;_animation&quot;:&quot;fadeInUp&quot;,&quot;_animation_delay&quot;:1500}\" data-widget_type=\"button.default\">\n\t\t\t\t<div class=\"elementor-widget-container\">\n\t\t\t\t\t\t\t\t\t<div class=\"elementor-button-wrapper\">\n\t\t\t\t\t<a class=\"elementor-button elementor-button-link elementor-size-sm\" href=\"https:\/\/wa.me\/1633847503\/?text=Bom+dia,+gostaria+de+um+or\u00e7amento.\" target=\"_blank\">\n\t\t\t\t\t\t<span class=\"elementor-button-content-wrapper\">\n\t\t\t\t\t\t\t\t\t<span class=\"elementor-button-text\">Pe\u00e7a j\u00e1 seu or\u00e7amento<\/span>\n\t\t\t\t\t<\/span>\n\t\t\t\t\t<\/a>\n\t\t\t\t<\/div>\n\t\t\t\t\t\t\t\t<\/div>\n\t\t\t\t<\/div>\n\t\t\t\t\t<\/div>\n\t\t\t\t<\/div>\n\t\t<div class=\"elementor-element elementor-element-31334c3 e-flex e-con-boxed e-con e-parent\" data-id=\"31334c3\" data-element_type=\"container\">\n\t\t\t\t\t<div class=\"e-con-inner\">\n\t\t\t\t<div class=\"elementor-element elementor-element-ae40c57 elementor-invisible elementor-widget elementor-widget-heading\" data-id=\"ae40c57\" data-element_type=\"widget\" data-settings=\"{&quot;_animation&quot;:&quot;fadeIn&quot;}\" data-widget_type=\"heading.default\">\n\t\t\t\t<div class=\"elementor-widget-container\">\n\t\t\t\t\t<h2 class=\"elementor-heading-title elementor-size-default\">Nossos Servi\u00e7os <\/h2>\t\t\t\t<\/div>\n\t\t\t\t<\/div>\n\t\t\t\t\t<\/div>\n\t\t\t\t<\/div>\n\t\t<div class=\"elementor-element elementor-element-75b82f6 e-flex e-con-boxed e-con e-parent\" data-id=\"75b82f6\" data-element_type=\"container\">\n\t\t\t\t\t<div class=\"e-con-inner\">\n\t\t<div class=\"elementor-element elementor-element-639999e e-con-full e-flex e-con e-child\" data-id=\"639999e\" data-element_type=\"container\">\n\t\t\t\t<div class=\"elementor-element elementor-element-49e0372 elementor-invisible elementor-widget elementor-widget-image\" data-id=\"49e0372\" data-element_type=\"widget\" data-settings=\"{&quot;_animation&quot;:&quot;fadeInLeft&quot;}\" data-widget_type=\"image.default\">\n\t\t\t\t<div class=\"elementor-widget-container\">\n\t\t\t\t\t\t\t\t\t\t\t\t\t\t\t<img fetchpriority=\"high\" decoding=\"async\" width=\"1024\" height=\"1024\" src=\"https:\/\/www.tek10.com.br\/wp-content\/uploads\/2025\/04\/DALL\u00b7E-2025-03-23-19.56.56-A-close-up-of-a-technician-repairing-a-smartphone.-The-phone-is-open-revealing-its-internal-components-such-as-the-battery-motherboard-and-connecto.webp\" class=\"attachment-large size-large wp-image-166\" alt=\"\" srcset=\"https:\/\/www.tek10.com.br\/wp-content\/uploads\/2025\/04\/DALL\u00b7E-2025-03-23-19.56.56-A-close-up-of-a-technician-repairing-a-smartphone.-The-phone-is-open-revealing-its-internal-components-such-as-the-battery-motherboard-and-connecto.webp 1024w, https:\/\/www.tek10.com.br\/wp-content\/uploads\/2025\/04\/DALL\u00b7E-2025-03-23-19.56.56-A-close-up-of-a-technician-repairing-a-smartphone.-The-phone-is-open-revealing-its-internal-components-such-as-the-battery-motherboard-and-connecto-300x300.webp 300w, https:\/\/www.tek10.com.br\/wp-content\/uploads\/2025\/04\/DALL\u00b7E-2025-03-23-19.56.56-A-close-up-of-a-technician-repairing-a-smartphone.-The-phone-is-open-revealing-its-internal-components-such-as-the-battery-motherboard-and-connecto-150x150.webp 150w, https:\/\/www.tek10.com.br\/wp-content\/uploads\/2025\/04\/DALL\u00b7E-2025-03-23-19.56.56-A-close-up-of-a-technician-repairing-a-smartphone.-The-phone-is-open-revealing-its-internal-components-such-as-the-battery-motherboard-and-connecto-768x768.webp 768w\" sizes=\"(max-width: 1024px) 100vw, 1024px\" \/>\t\t\t\t\t\t\t\t\t\t\t\t\t\t\t<\/div>\n\t\t\t\t<\/div>\n\t\t\t\t<div class=\"elementor-element elementor-element-b82b812 elementor-widget elementor-widget-heading\" data-id=\"b82b812\" data-element_type=\"widget\" data-widget_type=\"heading.default\">\n\t\t\t\t<div class=\"elementor-widget-container\">\n\t\t\t\t\t<h5 class=\"elementor-heading-title elementor-size-default\">Manuten\u00e7\u00e3o de Celular<\/h5>\t\t\t\t<\/div>\n\t\t\t\t<\/div>\n\t\t\t\t<div class=\"elementor-element elementor-element-e967a12 elementor-widget elementor-widget-heading\" data-id=\"e967a12\" data-element_type=\"widget\" data-widget_type=\"heading.default\">\n\t\t\t\t<div class=\"elementor-widget-container\">\n\t\t\t\t\t<h6 class=\"elementor-heading-title elementor-size-default\">Telas | Baterias | Placas | Componentes<\/h6>\t\t\t\t<\/div>\n\t\t\t\t<\/div>\n\t\t\t\t<\/div>\n\t\t<div class=\"elementor-element elementor-element-5de8812 e-con-full e-flex e-con e-child\" data-id=\"5de8812\" data-element_type=\"container\">\n\t\t\t\t<div class=\"elementor-element elementor-element-98d1b36 elementor-invisible elementor-widget elementor-widget-image\" data-id=\"98d1b36\" data-element_type=\"widget\" data-settings=\"{&quot;_animation&quot;:&quot;fadeInUp&quot;}\" data-widget_type=\"image.default\">\n\t\t\t\t<div class=\"elementor-widget-container\">\n\t\t\t\t\t\t\t\t\t\t\t\t\t\t\t<img decoding=\"async\" width=\"1024\" height=\"1024\" src=\"https:\/\/www.tek10.com.br\/wp-content\/uploads\/2025\/04\/DALL\u00b7E-2025-03-23-19.59.01-A-close-up-of-a-technician-repairing-a-laptop.-The-laptop-is-open-showing-internal-components-such-as-the-motherboard-RAM-cooling-fan-and-battery.webp\" class=\"attachment-large size-large wp-image-167\" alt=\"\" srcset=\"https:\/\/www.tek10.com.br\/wp-content\/uploads\/2025\/04\/DALL\u00b7E-2025-03-23-19.59.01-A-close-up-of-a-technician-repairing-a-laptop.-The-laptop-is-open-showing-internal-components-such-as-the-motherboard-RAM-cooling-fan-and-battery.webp 1024w, https:\/\/www.tek10.com.br\/wp-content\/uploads\/2025\/04\/DALL\u00b7E-2025-03-23-19.59.01-A-close-up-of-a-technician-repairing-a-laptop.-The-laptop-is-open-showing-internal-components-such-as-the-motherboard-RAM-cooling-fan-and-battery-300x300.webp 300w, https:\/\/www.tek10.com.br\/wp-content\/uploads\/2025\/04\/DALL\u00b7E-2025-03-23-19.59.01-A-close-up-of-a-technician-repairing-a-laptop.-The-laptop-is-open-showing-internal-components-such-as-the-motherboard-RAM-cooling-fan-and-battery-150x150.webp 150w, https:\/\/www.tek10.com.br\/wp-content\/uploads\/2025\/04\/DALL\u00b7E-2025-03-23-19.59.01-A-close-up-of-a-technician-repairing-a-laptop.-The-laptop-is-open-showing-internal-components-such-as-the-motherboard-RAM-cooling-fan-and-battery-768x768.webp 768w\" sizes=\"(max-width: 1024px) 100vw, 1024px\" \/>\t\t\t\t\t\t\t\t\t\t\t\t\t\t\t<\/div>\n\t\t\t\t<\/div>\n\t\t\t\t<div class=\"elementor-element elementor-element-cf4ac0a elementor-widget elementor-widget-heading\" data-id=\"cf4ac0a\" data-element_type=\"widget\" data-widget_type=\"heading.default\">\n\t\t\t\t<div class=\"elementor-widget-container\">\n\t\t\t\t\t<h5 class=\"elementor-heading-title elementor-size-default\">Manuten\u00e7\u00e3o em Notebook<\/h5>\t\t\t\t<\/div>\n\t\t\t\t<\/div>\n\t\t\t\t<div class=\"elementor-element elementor-element-fa3a37b elementor-widget elementor-widget-heading\" data-id=\"fa3a37b\" data-element_type=\"widget\" data-widget_type=\"heading.default\">\n\t\t\t\t<div class=\"elementor-widget-container\">\n\t\t\t\t\t<h6 class=\"elementor-heading-title elementor-size-default\">Carca\u00e7a | Softwares | Hardwares<\/h6>\t\t\t\t<\/div>\n\t\t\t\t<\/div>\n\t\t\t\t<\/div>\n\t\t<div class=\"elementor-element elementor-element-f51babc e-con-full e-flex e-con e-child\" data-id=\"f51babc\" data-element_type=\"container\">\n\t\t\t\t<div class=\"elementor-element elementor-element-3c162f9 elementor-invisible elementor-widget elementor-widget-image\" data-id=\"3c162f9\" data-element_type=\"widget\" data-settings=\"{&quot;_animation&quot;:&quot;fadeInRight&quot;}\" data-widget_type=\"image.default\">\n\t\t\t\t<div class=\"elementor-widget-container\">\n\t\t\t\t\t\t\t\t\t\t\t\t\t\t\t<img decoding=\"async\" width=\"1024\" height=\"1024\" src=\"https:\/\/www.tek10.com.br\/wp-content\/uploads\/2025\/04\/DALL\u00b7E-2025-03-25-17.28.24-A-close-up-of-a-technician-repairing-a-desktop-computer.-The-side-panel-of-the-desktop-tower-is-open-revealing-the-internal-components-such-as-the-mo.webp\" class=\"attachment-large size-large wp-image-168\" alt=\"\" srcset=\"https:\/\/www.tek10.com.br\/wp-content\/uploads\/2025\/04\/DALL\u00b7E-2025-03-25-17.28.24-A-close-up-of-a-technician-repairing-a-desktop-computer.-The-side-panel-of-the-desktop-tower-is-open-revealing-the-internal-components-such-as-the-mo.webp 1024w, https:\/\/www.tek10.com.br\/wp-content\/uploads\/2025\/04\/DALL\u00b7E-2025-03-25-17.28.24-A-close-up-of-a-technician-repairing-a-desktop-computer.-The-side-panel-of-the-desktop-tower-is-open-revealing-the-internal-components-such-as-the-mo-300x300.webp 300w, https:\/\/www.tek10.com.br\/wp-content\/uploads\/2025\/04\/DALL\u00b7E-2025-03-25-17.28.24-A-close-up-of-a-technician-repairing-a-desktop-computer.-The-side-panel-of-the-desktop-tower-is-open-revealing-the-internal-components-such-as-the-mo-150x150.webp 150w, https:\/\/www.tek10.com.br\/wp-content\/uploads\/2025\/04\/DALL\u00b7E-2025-03-25-17.28.24-A-close-up-of-a-technician-repairing-a-desktop-computer.-The-side-panel-of-the-desktop-tower-is-open-revealing-the-internal-components-such-as-the-mo-768x768.webp 768w\" sizes=\"(max-width: 1024px) 100vw, 1024px\" \/>\t\t\t\t\t\t\t\t\t\t\t\t\t\t\t<\/div>\n\t\t\t\t<\/div>\n\t\t\t\t<div class=\"elementor-element elementor-element-3711027 elementor-widget elementor-widget-heading\" data-id=\"3711027\" data-element_type=\"widget\" data-widget_type=\"heading.default\">\n\t\t\t\t<div class=\"elementor-widget-container\">\n\t\t\t\t\t<h5 class=\"elementor-heading-title elementor-size-default\">Manuten\u00e7\u00e3o em Desktop<\/h5>\t\t\t\t<\/div>\n\t\t\t\t<\/div>\n\t\t\t\t<div class=\"elementor-element elementor-element-d09c9d8 elementor-widget elementor-widget-heading\" data-id=\"d09c9d8\" data-element_type=\"widget\" data-widget_type=\"heading.default\">\n\t\t\t\t<div class=\"elementor-widget-container\">\n\t\t\t\t\t<h6 class=\"elementor-heading-title elementor-size-default\">Gabinetes | Softwares | Limpezas<\/h6>\t\t\t\t<\/div>\n\t\t\t\t<\/div>\n\t\t\t\t<\/div>\n\t\t\t\t\t<\/div>\n\t\t\t\t<\/div>\n\t\t<div class=\"elementor-element elementor-element-8220ca1 e-flex e-con-boxed e-con e-parent\" data-id=\"8220ca1\" data-element_type=\"container\" data-settings=\"{&quot;background_background&quot;:&quot;classic&quot;}\">\n\t\t\t\t\t<div class=\"e-con-inner\">\n\t\t<div class=\"elementor-element elementor-element-4080916 e-con-full e-flex e-con e-child\" data-id=\"4080916\" data-element_type=\"container\">\n\t\t\t\t<div class=\"elementor-element elementor-element-a75c250 elementor-invisible elementor-widget elementor-widget-image\" data-id=\"a75c250\" data-element_type=\"widget\" data-settings=\"{&quot;_animation&quot;:&quot;fadeInLeft&quot;}\" data-widget_type=\"image.default\">\n\t\t\t\t<div class=\"elementor-widget-container\">\n\t\t\t\t\t\t\t\t\t\t\t\t\t\t\t<img loading=\"lazy\" decoding=\"async\" width=\"174\" height=\"92\" src=\"https:\/\/www.tek10.com.br\/wp-content\/uploads\/2025\/04\/small_logo.png\" class=\"attachment-large size-large wp-image-182\" alt=\"\" \/>\t\t\t\t\t\t\t\t\t\t\t\t\t\t\t<\/div>\n\t\t\t\t<\/div>\n\t\t<div class=\"elementor-element elementor-element-f90e42c e-grid e-con-full e-con e-child\" data-id=\"f90e42c\" data-element_type=\"container\">\n\t\t\t\t<div class=\"elementor-element elementor-element-d25aed4 elementor-view-default elementor-widget elementor-widget-icon\" data-id=\"d25aed4\" data-element_type=\"widget\" data-widget_type=\"icon.default\">\n\t\t\t\t<div class=\"elementor-widget-container\">\n\t\t\t\t\t\t\t<div class=\"elementor-icon-wrapper\">\n\t\t\t<a class=\"elementor-icon\" href=\"https:\/\/www.facebook.com\/tek10informatica\/\" target=\"_blank\">\n\t\t\t<svg aria-hidden=\"true\" class=\"e-font-icon-svg e-fab-facebook\" viewBox=\"0 0 512 512\" xmlns=\"http:\/\/www.w3.org\/2000\/svg\"><path d=\"M504 256C504 119 393 8 256 8S8 119 8 256c0 123.78 90.69 226.38 209.25 245V327.69h-63V256h63v-54.64c0-62.15 37-96.48 93.67-96.48 27.14 0 55.52 4.84 55.52 4.84v61h-31.28c-30.8 0-40.41 19.12-40.41 38.73V256h68.78l-11 71.69h-57.78V501C413.31 482.38 504 379.78 504 256z\"><\/path><\/svg>\t\t\t<\/a>\n\t\t<\/div>\n\t\t\t\t\t\t<\/div>\n\t\t\t\t<\/div>\n\t\t\t\t<div class=\"elementor-element elementor-element-b6018ec elementor-view-default elementor-widget elementor-widget-icon\" data-id=\"b6018ec\" data-element_type=\"widget\" data-widget_type=\"icon.default\">\n\t\t\t\t<div class=\"elementor-widget-container\">\n\t\t\t\t\t\t\t<div class=\"elementor-icon-wrapper\">\n\t\t\t<a class=\"elementor-icon\" href=\"https:\/\/www.instagram.com\/tek10informatica\/?utm_source=ig_web_button_share_sheet&#038;igsh=ZDNlZDc0MzIxNw%3D%3D\" target=\"_blank\">\n\t\t\t<svg aria-hidden=\"true\" class=\"e-font-icon-svg e-fab-instagram\" viewBox=\"0 0 448 512\" xmlns=\"http:\/\/www.w3.org\/2000\/svg\"><path d=\"M224.1 141c-63.6 0-114.9 51.3-114.9 114.9s51.3 114.9 114.9 114.9S339 319.5 339 255.9 287.7 141 224.1 141zm0 189.6c-41.1 0-74.7-33.5-74.7-74.7s33.5-74.7 74.7-74.7 74.7 33.5 74.7 74.7-33.6 74.7-74.7 74.7zm146.4-194.3c0 14.9-12 26.8-26.8 26.8-14.9 0-26.8-12-26.8-26.8s12-26.8 26.8-26.8 26.8 12 26.8 26.8zm76.1 27.2c-1.7-35.9-9.9-67.7-36.2-93.9-26.2-26.2-58-34.4-93.9-36.2-37-2.1-147.9-2.1-184.9 0-35.8 1.7-67.6 9.9-93.9 36.1s-34.4 58-36.2 93.9c-2.1 37-2.1 147.9 0 184.9 1.7 35.9 9.9 67.7 36.2 93.9s58 34.4 93.9 36.2c37 2.1 147.9 2.1 184.9 0 35.9-1.7 67.7-9.9 93.9-36.2 26.2-26.2 34.4-58 36.2-93.9 2.1-37 2.1-147.8 0-184.8zM398.8 388c-7.8 19.6-22.9 34.7-42.6 42.6-29.5 11.7-99.5 9-132.1 9s-102.7 2.6-132.1-9c-19.6-7.8-34.7-22.9-42.6-42.6-11.7-29.5-9-99.5-9-132.1s-2.6-102.7 9-132.1c7.8-19.6 22.9-34.7 42.6-42.6 29.5-11.7 99.5-9 132.1-9s102.7-2.6 132.1 9c19.6 7.8 34.7 22.9 42.6 42.6 11.7 29.5 9 99.5 9 132.1s2.7 102.7-9 132.1z\"><\/path><\/svg>\t\t\t<\/a>\n\t\t<\/div>\n\t\t\t\t\t\t<\/div>\n\t\t\t\t<\/div>\n\t\t\t\t<\/div>\n\t\t\t\t<div class=\"elementor-element elementor-element-02dcd49 elementor-invisible elementor-widget elementor-widget-heading\" data-id=\"02dcd49\" data-element_type=\"widget\" data-settings=\"{&quot;_animation&quot;:&quot;fadeInUp&quot;}\" data-widget_type=\"heading.default\">\n\t\t\t\t<div class=\"elementor-widget-container\">\n\t\t\t\t\t<div class=\"elementor-heading-title elementor-size-default\">Somos uma das lojas de inform\u00e1tica mais renomadas, oferecendo mais de 1500 produtos e solu\u00e7\u00f5es tecnol\u00f3gicas de sucesso. Proporcionamos equipamentos e servi\u00e7os excepcionais, adaptados \u00e0s suas necessidades pessoais, para garantir a melhor experi\u00eancia digital.<\/div>\t\t\t\t<\/div>\n\t\t\t\t<\/div>\n\t\t\t\t<\/div>\n\t\t<div class=\"elementor-element elementor-element-aea4803 e-con-full e-flex e-con e-child\" data-id=\"aea4803\" data-element_type=\"container\">\n\t\t\t\t<div class=\"elementor-element elementor-element-02e5a97 elementor-widget elementor-widget-heading\" data-id=\"02e5a97\" data-element_type=\"widget\" data-widget_type=\"heading.default\">\n\t\t\t\t<div class=\"elementor-widget-container\">\n\t\t\t\t\t<h5 class=\"elementor-heading-title elementor-size-default\">Nossa Localiza\u00e7\u00e3o<\/h5>\t\t\t\t<\/div>\n\t\t\t\t<\/div>\n\t\t\t\t<div class=\"elementor-element elementor-element-6bc18ef elementor-widget elementor-widget-heading\" data-id=\"6bc18ef\" data-element_type=\"widget\" data-widget_type=\"heading.default\">\n\t\t\t\t<div class=\"elementor-widget-container\">\n\t\t\t\t\t<h6 class=\"elementor-heading-title elementor-size-default\">R. Jos\u00e9 Bonif\u00e1cio, 1199 - Centro, Mat\u00e3o - SP, 15990-040<\/h6>\t\t\t\t<\/div>\n\t\t\t\t<\/div>\n\t\t\t\t<div class=\"elementor-element elementor-element-bcc4820 elementor-widget elementor-widget-heading\" data-id=\"bcc4820\" data-element_type=\"widget\" data-widget_type=\"heading.default\">\n\t\t\t\t<div class=\"elementor-widget-container\">\n\t\t\t\t\t<h5 class=\"elementor-heading-title elementor-size-default\">Entre em contato <\/h5>\t\t\t\t<\/div>\n\t\t\t\t<\/div>\n\t\t\t\t<div class=\"elementor-element elementor-element-fc55122 elementor-widget elementor-widget-heading\" data-id=\"fc55122\" data-element_type=\"widget\" data-widget_type=\"heading.default\">\n\t\t\t\t<div class=\"elementor-widget-container\">\n\t\t\t\t\t<h6 class=\"elementor-heading-title elementor-size-default\"><a href=\"https:\/\/wa.me\/1633847503\/?text=Bom+dia,+gostaria+de+um+or\u00e7amento.\" target=\"_blank\">\ud83d\udcf1 (16) 3384-7503<\/a><\/h6>\t\t\t\t<\/div>\n\t\t\t\t<\/div>\n\t\t\t\t<\/div>\n\t\t<div class=\"elementor-element elementor-element-b56434e e-con-full e-flex e-con e-child\" data-id=\"b56434e\" data-element_type=\"container\">\n\t\t\t\t<div class=\"elementor-element elementor-element-6724f9f elementor-widget elementor-widget-google_maps\" data-id=\"6724f9f\" data-element_type=\"widget\" data-widget_type=\"google_maps.default\">\n\t\t\t\t<div class=\"elementor-widget-container\">\n\t\t\t\t\t\t\t<div class=\"elementor-custom-embed\">\n\t\t\t<iframe loading=\"lazy\"\n\t\t\t\t\tsrc=\"https:\/\/maps.google.com\/maps?q=R.%20Jos%C3%A9%20Bonif%C3%A1cio%2C%201199%20-%20Centro%2C%20Mat%C3%A3o%20-%20SP%2C%2015990-040&#038;t=m&#038;z=16&#038;output=embed&#038;iwloc=near\"\n\t\t\t\t\ttitle=\"R. Jos\u00e9 Bonif\u00e1cio, 1199 - Centro, Mat\u00e3o - SP, 15990-040\"\n\t\t\t\t\taria-label=\"R. Jos\u00e9 Bonif\u00e1cio, 1199 - Centro, Mat\u00e3o - SP, 15990-040\"\n\t\t\t><\/iframe>\n\t\t<\/div>\n\t\t\t\t\t\t<\/div>\n\t\t\t\t<\/div>\n\t\t\t\t<\/div>\n\t\t\t\t\t<\/div>\n\t\t\t\t<\/div>\n\t\t\t\t<\/div>\n\t\t","protected":false},"excerpt":{"rendered":"<p>Seu dispositivo, nossa miss\u00e3o! Reparos r\u00e1pidos e confi\u00e1veis para celulares, notebooks e desktops. Empresa especializada em reparo e manuten\u00e7\u00e3o de celulares e computadores. Pe\u00e7a j\u00e1 seu or\u00e7amento Nossos Servi\u00e7os Manuten\u00e7\u00e3o de Celular Telas | Baterias | Placas | Componentes Manuten\u00e7\u00e3o em Notebook Carca\u00e7a | Softwares | Hardwares Manuten\u00e7\u00e3o em Desktop Gabinetes | Softwares | Limpezas [&hellip;]<\/p>\n","protected":false},"author":1,"featured_media":0,"parent":0,"menu_order":0,"comment_status":"closed","ping_status":"closed","template":"","meta":{"site-sidebar-layout":"no-sidebar","site-content-layout":"","ast-site-content-layout":"full-width-container","site-content-style":"default","site-sidebar-style":"default","ast-global-header-display":"","ast-banner-title-visibility":"","ast-main-header-display":"","ast-hfb-above-header-display":"","ast-hfb-below-header-display":"","ast-hfb-mobile-header-display":"","site-post-title":"disabled","ast-breadcrumbs-content":"","ast-featured-img":"disabled","footer-sml-layout":"","theme-transparent-header-meta":"","adv-header-id-meta":"","stick-header-meta":"","header-above-stick-meta":"","header-main-stick-meta":"","header-below-stick-meta":"","astra-migrate-meta-layouts":"default","ast-page-background-enabled":"default","ast-page-background-meta":{"desktop":{"background-color":"var(--ast-global-color-5)","background-image":"","background-repeat":"repeat","background-position":"center center","background-size":"auto","background-attachment":"scroll","background-type":"","background-media":"","overlay-type":"","overlay-color":"","overlay-opacity":"","overlay-gradient":""},"tablet":{"background-color":"","background-image":"","background-repeat":"repeat","background-position":"center center","background-size":"auto","background-attachment":"scroll","background-type":"","background-media":"","overlay-type":"","overlay-color":"","overlay-opacity":"","overlay-gradient":""},"mobile":{"background-color":"","background-image":"","background-repeat":"repeat","background-position":"center center","background-size":"auto","background-attachment":"scroll","background-type":"","background-media":"","overlay-type":"","overlay-color":"","overlay-opacity":"","overlay-gradient":""}},"ast-content-background-meta":{"desktop":{"background-color":"var(--ast-global-color-4)","background-image":"","background-repeat":"repeat","background-position":"center center","background-size":"auto","background-attachment":"scroll","background-type":"","background-media":"","overlay-type":"","overlay-color":"","overlay-opacity":"","overlay-gradient":""},"tablet":{"background-color":"var(--ast-global-color-4)","background-image":"","background-repeat":"repeat","background-position":"center center","background-size":"auto","background-attachment":"scroll","background-type":"","background-media":"","overlay-type":"","overlay-color":"","overlay-opacity":"","overlay-gradient":""},"mobile":{"background-color":"var(--ast-global-color-4)","background-image":"","background-repeat":"repeat","background-position":"center center","background-size":"auto","background-attachment":"scroll","background-type":"","background-media":"","overlay-type":"","overlay-color":"","overlay-opacity":"","overlay-gradient":""}},"footnotes":""},"class_list":["post-15","page","type-page","status-publish","hentry"],"_links":{"self":[{"href":"https:\/\/www.tek10.com.br\/index.php?rest_route=\/wp\/v2\/pages\/15","targetHints":{"allow":["GET"]}}],"collection":[{"href":"https:\/\/www.tek10.com.br\/index.php?rest_route=\/wp\/v2\/pages"}],"about":[{"href":"https:\/\/www.tek10.com.br\/index.php?rest_route=\/wp\/v2\/types\/page"}],"author":[{"embeddable":true,"href":"https:\/\/www.tek10.com.br\/index.php?rest_route=\/wp\/v2\/users\/1"}],"replies":[{"embeddable":true,"href":"https:\/\/www.tek10.com.br\/index.php?rest_route=%2Fwp%2Fv2%2Fcomments&post=15"}],"version-history":[{"count":5,"href":"https:\/\/www.tek10.com.br\/index.php?rest_route=\/wp\/v2\/pages\/15\/revisions"}],"predecessor-version":[{"id":256,"href":"https:\/\/www.tek10.com.br\/index.php?rest_route=\/wp\/v2\/pages\/15\/revisions\/256"}],"wp:attachment":[{"href":"https:\/\/www.tek10.com.br\/index.php?rest_route=%2Fwp%2Fv2%2Fmedia&parent=15"}],"curies":[{"name":"wp","href":"https:\/\/api.w.org\/{rel}","templated":true}]}}